 q be m(12). Suppose 11*p + 2*o = 10*p + 104, 3*p - 276 = 3*o. What is the highest common factor of q and p?
32
Let i be (-232)/(-29) + -3 + (-1)/1. Calculate the greatest common divisor of 428 and i.
4
Let m(l) = 64*l**2 - 31*l + 1. Let w be (2/(-6))/((-8)/48). Let g be m(w). What is the highest common factor of 78 and g?
39
Suppose 917*q - 921*q + 6951 = -5*k, -2*k + 1728 = q. Calculate the highest common divisor of q and 54.
6
Suppose -1809 = -36*f - 1701. What is the highest common factor of f and 2031?
3
Let q(u) = -9*u + 222. Let o(h) = -5*h**2 - 35*h - 7. Let r be o(-6). Let j be q(r). Calculate the greatest common factor of 45 and j.
15
Let d(i) = 277*i + 2503. Let l be d(-9). What is the greatest common factor of l and 2285?
5
Let x be (2 - 0) + -2 + 66. Suppose 23*u - 3181 = 150*u - 19945. Calculate the highest common factor of x and u.
66
Let t(k) = -k**3 + 11*k**2 - 5*k - 18. Let x be t(10). Suppose 0 = -8*y - 178 + 806 + 2316. What is the highest common factor of y and x?
16
Let t(l) = -85*l. Let i be t(-1). Suppose 4*w = -60*u + 62*u - 144, 0 = -u - 3*w + 62. Suppose -u + i = a. Calculate the greatest common factor of 102 and a.
17
Suppose 80*d - 103*d + 20585 = 0. Calculate the greatest common divisor of 25 and d.
5
Let i be (19 + 4)*(12 + -10). What is the highest common divisor of i and 9844?
46
Suppose -69*b = -58*b + 1056. Let n = b - -132. Calculate the highest common factor of 4 and n.
4
Suppose 0 = 5*u + 2*j - j - 270, -3*u - 4*j + 179 = 0. Suppose 5*s = -3*a + 179, -5*a - 4*s - u = -360. What is the greatest common factor of 42 and a?
21
Let b be ((-46 - -23) + 71)/(24/(-27) - -1). What is the greatest common divisor of 784 and b?
16
Let y be (-140)/(-210) - 19/(-3). Let s be ((8 - y) + -8)/(-1). Let g(i) = 4*i - 4. Let u be g(8). Calculate the greatest common divisor of s and u.
7
Let v be -3 + (17 + 1)*1/1. Suppose l = v - 27. Let t be ((-32)/(-3) - 2)/(l/(-108)). What is the highest common factor of 26 and t?
26
Let p(t) = 21*t**2 + t + 1. Let s be p(2). Let z(x) = 2*x**2 - 877*x + 21179. Let g be z(413). What is the greatest common factor of g and s?
29
Suppose -2*q + 0 + 10 = 0, -3*q + 180 = -3*k. Let u = k - -64. Let d be (-1)/((-2)/70) - -1. Calculate the highest common divisor of d and u.
9
Let l be (7 - 2 - 1) + 780/13. What is the highest common divisor of l and 1568?
32
Suppose 4*u = 2*n - 24, 2*n - u = u + 26. Suppose n*p - 30 = 4*p. What is the highest common divisor of p and 57?
3
Let q be (0 - 21)*320/(-224). Let o = -11 - -1. Let j be -3*(0 + o/3). Calculate the highest common factor of j and q.
10
Let x be (-2)/4*(1 - -1)*-273. Suppose 0 = -52*m + 13*m + x. What is the greatest common divisor of m and 7?
7
Suppose -2 - 8 = -5*a, 5*t + 37 = -4*a. Let q be (-12 - t)/((-1)/45). Calculate the greatest common divisor of 30 and q.
15
Let l be (1/((-1)/(-16)))/((-280)/(-58800)). What is the greatest common divisor of 1568 and l?
224
Suppose -9*q + 20*q - 38266 = -27*q. What is the greatest common divisor of q and 19?
19
Let q(b) = b**2 - 15*b + 67281. Let p be q(0). What is the highest common factor of 41 and p?
41
Let v be 125/(-25)*9/(-5). Let j(b) = 52*b - 278. Let z be j(v). What is the greatest common factor of 475 and z?
95
Let j be (20*2)/4 - -3. Suppose 6*z - 47 - 7 = 0. Suppose -z*h + 3042 = 9*h. Calculate the greatest common factor of j and h.
13
Let d = 274 + -272. Suppose 0 = -3*a + d*a + 5*y + 617, y - 3189 = -5*a. What is the greatest common divisor of 49 and a?
49
Let u be -7 + -35 - 2*-2. Let n = -37 - u. Suppose -3*v + 4*i + n = -91, -v = 2*i - 34. What is the greatest common divisor of v and 32?
32
Let u be (-2)/1*1*(-1 + 0). Let k be (u + 2)*(-4)/(48/(-561)). What is the highest common divisor of k and 17?
17
Let m(u) = 21*u - 10*u + 7*u - 196. Let g be m(13). Let y(f) = 3*f**2 + 4*f + 4. Let n be y(-3). What is the greatest common divisor of n and g?
19
Let b(j) = 4*j**3 - 106*j**2 - 41*j + 39. Let t be b(27). What is the greatest common divisor of t and 510?
30
Let p = 0 + -3. Let c be ((-92)/10)/((p - 0)/15). Calculate the greatest common factor of c and 414.
46
Suppose 4*x - m + 3920 = 18567, -2*x + 7320 = -4*m. What is the greatest common factor of 2 and x?
2
Let p(w) = 10*w**3 - 7*w**2 - 3*w + 8. Let g(i) = -i**2 - i. Let b(d) = 3*g(d) - p(d). Let r be b(-2). Calculate the greatest common factor of r and 330.
22
Let m(r) = -r**2 - 20*r - 33. Let f be m(-18). Suppose -2*p - 195 = -f*p. Calculate the greatest common divisor of p and 30.
15
Let l be 928/12 + 4 - 1/3. Suppose a = 4*k + l, -7*a + 240 = -3*a + 5*k. Calculate the highest common divisor of 26 and a.
13
Let o = 9817 - 9361. What is the highest common factor of 6270 and o?
114
Suppose -15791 + 116 + 505 = -10*y. Calculate the highest common divisor of y and 37.
37
Let o(x) = x**2 + 3*x + 1. Let s be o(3). Let b = -73 - -75. Suppose 3*y + b*r + 17 = 82, 4*y - 68 = 2*r. Calculate the greatest common factor of s and y.
19
Let j(b) = b + 16. Let g be j(-13). Let x(t) = 2 - 5 - 7*t - g + 1 - 2*t**3. Let q be x(-5). Calculate the highest common divisor of q and 35.
35
Let w be 1*(2 - (-1 + -35)). Let g be 247/3*(-20)/(-6)*(-414)/(-230). What is the greatest common divisor of g and w?
38
Suppose 2*r + 4*j - 728 = 0, -4*r + 43*j = 42*j - 1474. What is the greatest common factor of 13892 and r?
92
Let m(l) = -25*l - 120. Let h be m(-5). Let p = -4 - -10. Let w = p - -39. What is the greatest common divisor of w and h?
5
Let u(n) be the third derivative of -n**6/120 - n**5/12 + 9*n**3/2 + 79*n**2. Let i be u(-5). Calculate the highest common divisor of i and 18.
9
Suppose -m + 33 = 4*o, -4*o + 23 = 5*m - 14. Suppose o*b - 389 - 259 = 0. Calculate the greatest common factor of b and 135.
27
Let t = 3061 - 2989. What is the greatest common divisor of 1494 and t?
18
Let g = 5673 - 3263. What is the highest common factor of g and 20?
10
Suppose -395934*v + 395913*v = -777. Let y = 20 - -17. What is the greatest common divisor of y and v?
37
Let k(j) = j**3 + 13*j**2 - 2*j - 6. Let f be k(-13). What is the highest common factor of f and 6980?
20
Let x = 256 + -251. Suppose 1384 = 4*n + x*v, 3*n + 11*v - 6*v - 1043 = 0. What is the highest common factor of n and 93?
31
Suppose 3*g = g + 80. Let c be 1 + -2 + 6 - -15. Let v be (c/(-8))/(5/(-10)). Calculate the greatest common divisor of v and g.
5
Let s be (-39)/((-546)/308) - (2 + 1 + 0). Calculate the greatest common factor of s and 6365.
19
Suppose -4096 = -4*u + 2*n, -57 + 1059 = u + 5*n. Calculate the highest common divisor of u and 112.
14
Suppose -6 = -v + 5. Suppose 0*r - 4576 = 16*r. Let b = r - -363. What is the highest common divisor of b and v?
11
Let c(v) be the first derivative of 44*v**2 - 20*v + 24. Let i be c(1). What is the greatest common factor of 238 and i?
34
Suppose 0 = 3*u - 15, 4*u + 323 - 1816 = -v. What is the greatest common divisor of 3 and v?
3
Let d(c) = -1562*c - 5811. Let m be d(-4). What is the greatest common divisor of m and 115?
23
Let t = -321 - -326. Suppose -6*a + m + 11 = -t*a, m = -5*a + 61. What is the greatest common factor of 8 and a?
4
Let i(f) be the third derivative of -3*f**4/4 - 25*f**3 + 19*f**2 - 1. Let w be i(-11). What is the highest common factor of 288 and w?
48
Let j = -22 + 363. What is the greatest common factor of j and 319?
11
Let f = 270 + -410. Let n = f - -475. Calculate the highest common divisor of 15 and n.
5
Let i(j) = 12*j**3 - 11*j**3 - 15*j**2 - 9*j + 2*j**2 - 20. Let y be i(14). What is the highest common factor of y and 150?
50
Let z be 11 + -8 + (23504/80)/(3/15). What is the greatest common divisor of z and 828?
92
Let w = -385 - -390. Let q = 0 + -5. Let c(r) = -r**3 - 5*r**2 - 4*r + 5. Let y be c(q). Calculate the greatest common factor of y and w.
5
Suppose 3*a + 23 = 4*j, -j + 3*a + 13 = j. Suppose r + 4*z + 176 = j*r, -5*z = -5. Let n be (-1)/(2*2/(-20)). Calculate the highest common factor of r and n.
5
Let l = 887 + 70. Calculate the highest common divisor of 66 and l.
33
Suppose 39*o - 9690 = -18*o. Suppose 0 = -4*t - 2*c + 280, 0*t - 3*c - 124 = -2*t. Calculate the highest common factor of t and o.
34
Suppose 52 - 68 = -4*u. Suppose -q - 2*d = -27 + 17, -u*q = 2*d - 46. What is the greatest common divisor of 